 t(-4). Suppose -b = -0*v - v. Suppose -v + 0 = -n. What is the units digit of n?
6
Suppose 2*h - 8 = -0*h + o, -3*o - 10 = h. Suppose 2*s - 4 = -h. What is the units digit of s?
1
Let z = -10 + 25. What is the units digit of (-3)/((-3)/z*1)?
5
Let b = 94 - -23. What is the tens digit of b?
1
Let t(a) = a**2 - 4*a - 5. Let d be t(5). Let u be (d - 0)*1/(-2). What is the tens digit of u*(-2 + 1) + 22?
2
Let t(o) = -66*o + 34. What is the hundreds digit of t(-5)?
3
Let j(y) = -6*y + 2. What is the tens digit of j(-2)?
1
Let l be -3 - ((2 - 2) + -2). Let x = -5 - l. Let v = 11 + x. What is the units digit of v?
7
Let q(z) = -3*z**3 - 2*z**2 - 2. What is the units digit of q(-2)?
4
Let g(d) = d**2 - 3*d. Let a be g(2). Let m be 3/(-6) + (-5)/a. Suppose -m*q = -u + 11, -11 = 4*q + 5. What is the units digit of u?
3
Let n be 416/(-14) - (-4)/(-14). What is the tens digit of (-100)/n*(-96)/(-10)?
3
Let o be 6 - (1 - 0/2). Suppose o*p + 28 - 203 = 0. What is the tens digit of p?
3
Suppose 2*i = 4*i - 8. Let u(d) = d**2 - 7*d + 9. Let g be u(6). Suppose 2*b - 42 = 2*v, i*b - 76 = -g*v - 13. What is the tens digit of b?
1
Let z = 38 - 22. Suppose -2*q + z = -q. Suppose 0 = -4*d + w + q, -4*d + 20 = d + 2*w. What is the units digit of d?
4
Suppose 0 = d - 3*d + 76. What is the units digit of d?
8
Suppose 5*f = -3*h + 59, 10 = -h + 3*f + 53. Let z = h - 15. What is the units digit of z?
3
Let b be (-2 + -1)/3 + 2. Suppose 4 = -n + b. What is the units digit of 1 - (0 + -1) - n?
5
Suppose -l + 19 = -4*t - 4*l, -4*l - 16 = -4*t. Let q be -6*t/6*2. Let s = 9 + q. What is the units digit of s?
1
Let t = 419 + -258. What is the hundreds digit of t?
1
Suppose 3 = -5*j + a, j + 15 = 2*a + 3*a. Let u = j - -2. Suppose -6*r + 16 = -u*r. What is the units digit of r?
4
Let i = 1 - -2. Let q = i + -8. What is the tens digit of (-69)/q - (-1)/5?
1
Let t(o) be the first derivative of o**2/2 + 21*o - 3. Let a be t(-11). Suppose -80 = 5*c - a*c. What is the units digit of c?
6
What is the units digit of 4 + -2 - -126 - (-12)/12?
9
Let u(n) = -n**3 + 12*n**2 - 12*n + 8. Let t be u(11). Let q = t + 26. What is the units digit of q?
3
Let f(a) = a**2 + 4*a - 4. Let m(w) = -w**3 - 7*w**2 - 4*w + 7. Suppose 5*n + 0*n + 30 = 0. Let k be m(n). What is the units digit of f(k)?
1
Let j(p) = -p - 9. Let k(m) = -1. Let g(y) = j(y) - 4*k(y). Let c be g(-7). Suppose 3*z = 3*h, -h - 4*z + 7*z = c. What is the units digit of h?
1
Suppose -2*w + 5*w - 10 = -2*r, 3*r - w = 37. Suppose -k + 0*o - 10 = -2*o, k - 4*o = -14. Let s = k + r. What is the units digit of s?
5
Let k(h) = h**2 + h + 3. Let x be k(0). Suppose x*r - 2*r = 5. Let t(l) = -l**3 + 4*l**2 + 6*l - 4. What is the units digit of t(r)?
1
Suppose a + 5*c = 25, -5 = 2*a - 3*c - 3. Suppose -4*g - 4*h = 0, -h - 9 = -4*h. Let q = a + g. What is the units digit of q?
2
Suppose 0*y = 3*y + 99. Let r = 78 + y. What is the units digit of r?
5
What is the units digit of (-615)/10*(-20)/15?
2
Suppose w = -31 + 222. What is the hundreds digit of w?
1
Suppose 3*v - v - 146 = 0. What is the units digit of v?
3
Let j = -2 - -4. Suppose 0 = -j*p - 4 - 4, -14 = f + 4*p. What is the units digit of (f/5)/((-1)/(-5))?
2
Suppose 3*y - 179 = -4*g, 53 = g - 3*y + y. What is the tens digit of g?
4
Let m(p) = p**2 + 4*p - 6. Suppose 5*c - 4*c + 7 = 0. Let d be m(c). Suppose -d = -r - 2*r. What is the units digit of r?
5
Suppose 0 = -0*r - 3*r + 3*k - 3, -5*k = -r - 17. Let t(l) = l + 1. Let g be t(r). Let o = g + 5. What is the units digit of o?
9
Let w be 2 + ((-39)/(-3) - -3). Suppose -15 = -5*o + y, 4*o + 0*y - 2*y = w. Suppose -2*p - o*m + 13 = -1, -1 = -p - 4*m. What is the units digit of p?
9
Suppose s = -2*s + 84. What is the tens digit of s?
2
Let b(h) = -51*h - 2. Let c be b(-1). Let d = c + -21. What is the tens digit of d?
2
What is the units digit of 358/7 - (8 + (-110)/14)?
1
Let r = 3 - 1. What is the units digit of 27 - r/((-3)/(-3))?
5
Suppose -2*g + 10 - 2 = 0. Suppose -g*p - 4 + 152 = 0. Suppose 4*v - p = 11. What is the tens digit of v?
1
Let u = 36 - 20. Let j be (30/(-8))/((-4)/u). Let z = -6 + j. What is the units digit of z?
9
Let k(r) = r**3 + 2*r**2 - 6*r - 5. Let j be k(-4). Let w = -8 - j. What is the tens digit of ((-12)/w)/((-27)/180)?
1
Suppose -10 = -2*x + a, 0*a = -5*x + 2*a + 23. Suppose -x*y - 9 = -123. What is the tens digit of y?
3
Suppose l + 2*s = 4*s, 0 = 4*l - 2*s - 30. What is the units digit of ((-48)/(-20))/(4/l)?
6
Let s(b) = -3*b - 7. Let a be ((-22)/6 - -2)*3. Let t(h) = -h - 4. Let r(f) = a*t(f) + 2*s(f). What is the units digit of r(5)?
1
Suppose d + 0 = 10. Let k be 0 + -2 + d + -3. Suppose 0 = z - 4, 6 = k*f + 5*z - 19. What is the units digit of f?
1
Suppose 0 = -2*o + 2*d - d + 115, -2*o = -4*d - 118. What is the units digit of o?
7
Let v = -10 + 11. What is the units digit of v?
1
Let j(f) = f**3 + 10*f**2 - 7*f + 7. Let d(o) = o**2 + 1. Let w = -11 - -6. Let x(b) = w*d(b) + j(b). What is the units digit of x(-6)?
8
Suppose 3*z - 3*x = 0, x + 3 = 3*z - 3. Suppose 2*v = -3*v - 15. What is the units digit of (-2)/z*v*4?
8
Suppose 2*w = -4*t + 260, -3*t = 2*w - 344 + 88. What is the hundreds digit of w?
1
Let u be (-4)/6*(-3 - -12). Let r = u + 8. What is the units digit of r?
2
Let x = -451 - -652. What is the tens digit of x/18 - 2/12?
1
Let o be ((-14)/8)/((-3)/(-96)). Let h = 96 + o. What is the tens digit of h?
4
Let f be (2 + (-13)/4)*-20. Suppose 0 = 4*k - j - f, -40 = -5*k + 5*j - 2*j. Suppose -14 = -k*b + 4*b. What is the tens digit of b?
1
Suppose -5*m - 2*f = -455, -m + 4*f = -0*f - 69. What is the tens digit of m?
8
Let f be (-4)/18 + (-20)/(-9). Suppose j = f - 6. What is the units digit of 1/4 - 7/j?
2
Suppose 14*q + 519 = 2115. What is the hundreds digit of q?
1
Let y = -463 + 713. What is the hundreds digit of y?
2
Suppose 696 + 348 = 12*l. What is the units digit of l?
7
Suppose -260 = 7*p - 12*p. What is the tens digit of p?
5
What is the tens digit of (-57)/((-7)/((-28)/(-12)))?
1
Let l = -20 - -74. What is the units digit of l?
4
Suppose 4 = -f, -2*j - 5*f = -75 - 107. What is the tens digit of j?
0
Suppose -b - 87 = -4*b - 3*w, 2*w - 106 = -4*b. What is the tens digit of b?
2
Let z = 14 - -6. What is the tens digit of 54/(-12)*z/(-3)?
3
Let o = 105 + -28. What is the tens digit of o?
7
Suppose 3*s - 16 = 2. Let d = s - -4. Suppose z = -3 + d. What is the units digit of z?
7
Let c be 0 + -4 + (2 - 0). What is the units digit of 3 + -2 + c + 8?
7
Let n = -1 + -8. Let f = n - -13. What is the units digit of f?
4
Let t be (6/4)/(6/136). Suppose 0*d = d - t. What is the units digit of d?
4
Let g(i) = 2*i**2 - 11*i - 16. What is the units digit of g(11)?
5
Let g(t) = -33*t + 12. What is the units digit of g(-2)?
8
Let x(a) = -a**3 + a**2. Let n be x(-1). Let g(l) = 0*l + 7*l + 0*l**n + 4 + 2*l**2. What is the units digit of g(-4)?
8
Let o be (650/1 - 2) + -3. Suppose o = -5*t + 70. What is the units digit of t/(-20) - (-2)/8?
6
Suppose 13*q - 85 = 12*q. What is the units digit of q?
5
Let m = 8 - -11. What is the units digit of m?
9
Let m be ((-116)/(-20) + 1)*-5. Let l = m - -48. What is the tens digit of l?
1
Let x(v) = 44*v - 25*v - 27*v - 6. What is the units digit of x(-6)?
2
What is the tens digit of (-1940)/(-28) + -2 - 4/14?
6
Suppose 0 = -4*l - 0*f + 2*f + 10, -19 = -4*l - f. Suppose a + 2 + 5 = l*q, -28 = -5*a - q. What is the units digit of a?
5
Let l = -57 + 110. What is the tens digit of l?
5
Let y(m) = m. What is the units digit of y(6)?
6
What is the units digit of (-118)/(-6) - (-16)/(-24)?
9
Suppose -x = 5*a - 240, 2*a - 3*x - 54 - 59 = 0. What is the tens digit of a?
4
Suppose z = -0 + 4. Suppose 15 = z*n + n. What is the units digit of n?
3
Suppose 3*o + 5*t = 1205, -375 = -o - 3*t + 8*t. What is the units digit of o?
5
Let s(y) = 2*y - 2*y - y**2 - 6 + 2 - 7*y. Let p be s(-5). What is the tens digit of p/15 + (-58)/(-5)?
1
Let v = 24 + -19. Suppose -v*i + 28 = -17. What is the units digit of i?
9
Suppose 3*i - 5*d = 4*i, 0 = -4*i - d. Let o = 1 + i. What is the units digit of o?
1
Let k be (-9)/(-15) - (-44)/10. Suppose 0 = -k*c + 102 - 32. What is the units digit of c?
4
Let l(t) = t**2 - 1. Let d(s) = -2*s**2 - 10*s + 7. Let w(v) = -d(v) - 3*l(v). Let m be w(